vided by (-4)/(16/a) - -5?
0
Let j(t) = t**3 - 2*t**2 - 3*t + 3. Calculate the remainder when 67 is divided by j(4).
21
Let p(c) = -c + 9. Let f be p(12). Calculate the remainder when 25 is divided by 275/33 + (-2)/f.
7
Suppose g + 1 = 4*g + t, -5*t = 4*g + 17. Let o be (-89)/(1 + (-4)/g). Suppose 2*l = -k + o - 7, 0 = -4*k - 8. What is the remainder when l is divided by 15?
12
Let j(z) = 2*z**2 + 8*z + 10. What is the remainder when j(-7) is divided by 18?
16
Let y = -5 + 5. Suppose y = z - 2 + 5, -5*x + 3*z + 279 = 0. What is the remainder when x is divided by 14?
12
Let o(d) = 15*d**2 + d - 3. Let j be o(3). Suppose 2*r + h - j = -16, 0 = -h - 5. Let g(p) = 2*p. What is the remainder when r is divided by g(8)?
14
Let j = 57 + -41. Suppose -2*c + 144 = 2*c. Suppose -3*u + c = u. What is the remainder when j is divided by u?
7
Let n(i) = 2*i**2 - i - 4. Let m be (-49)/(-2)*6/3. Suppose -z - z - 3*c + m = 0, 4*z - 123 = -c. Calculate the remainder when z is divided by n(3).
10
Suppose 0 = -0*w + 5*w + 145. Let g = -19 - w. Calculate the remainder when 19 is divided by g.
9
Let t(g) = g**3 - 8*g**2 + 8*g - 3. Let c be t(7). Let v = 2 - c. Calculate the remainder when 16 is divided by (-19)/v - 1/2.
7
Suppose 0 = -3*q - 5 - 7. Let s = 24 + q. Let u = -12 + s. What is the remainder when 23 is divided by u?
7
Calculate the remainder when (-180)/(-8) - 3/(-6) is divided by 9.
5
Let v(b) = -b**3 - 6*b**2 + 8*b + 8. Let m be v(-7). Let s be m + 2 + -2 - 1. Suppose 5*l - 10 - 10 = s. Calculate the remainder when 7 is divided by l.
3
Let q be (-2364)/(-54) + (-4)/(-18). Let u = 70 - q. Suppose -4*x + 28 = -28. Calculate the remainder when u is divided by x.
12
Let g = 0 - -64. Let x = g + -38. Calculate the remainder when x is divided by 9.
8
Suppose 5*d - 28 = 77. Suppose -w = -6*w + 200. Calculate the remainder when w is divided by d.
19
Suppose -115 = -3*m + 77. Suppose 4*t + 0*t = m. Let x(l) = -46*l**3 - l. Calculate the remainder when x(-1) is divided by t.
15
Let z be (0 - 1)/((-2)/4). Suppose -3*h + 2*h - z = 0. Calculate the remainder when (10/h + 0)/(-1) is divided by 3.
2
Let a(w) = w**3 - 7*w**2 + 3*w - 5. Let t = 6 - -2. What is the remainder when a(t) is divided by 28?
27
Let h = 1 + -1. Let i = h + 6. Calculate the remainder when 10 is divided by i.
4
Let o = -4 - -6. Suppose o*g = -n - 3*n + 192, 2*n = -5*g + 464. Suppose 16 = 3*q - g. What is the remainder when q is divided by 19?
17
Let t be (3 - 0)/(-2 - -1). Suppose 0 = -0*n + 3*n - 87. What is the remainder when n is divided by ((-3)/t - -9)/1?
9
Let p = 57 - 34. What is the remainder when p is divided by 4?
3
Suppose -180 = -2*o - 2*o - 4*d, 0 = -3*o + 4*d + 114. Calculate the remainder when o is divided by 11.
9
Let n(t) = -t**2 + 108. Let h be n(0). Suppose h = 4*m + 5*u, 3*u + 2 - 14 = 0. What is the remainder when m is divided by (-74)/(-6) - 5/15?
10
Let l(j) = 11*j + 5*j**3 + 4*j**3 + 15 - 10*j**3 - 4*j**2. Calculate the remainder when l(-6) is divided by 11.
10
Let x = 44 + 18. What is the remainder when x is divided by 3/(-6) + 86/4?
20
Let k(h) = 4*h + 3. Let d(i) = 0 + 2 + 1 - 3*i + 2*i**2. Let z be d(2). Calculate the remainder when k(z) is divided by 8.
7
Suppose -2*q + 3*i + 75 = -2*i, q - 33 = i. Suppose 0*o = -3*o - q. What is the remainder when (-16)/o*(0 - -10) is divided by 6?
4
Suppose 3 = -3*c, 3*x - 4*c + 9 = -7*c. Calculate the remainder when x/(-12) - 1105/(-30) is divided by 13.
11
Let g = -12 - -12. Suppose g = -q + 2*q - 11. Calculate the remainder when (-1 - 3/(-2))*84 is divided by q.
9
Suppose -3*h + 4*n + 22 = 0, -4*h - 27*n + 23*n = -76. Calculate the remainder when (-322)/(-8) + 2/(-8) is divided by h.
12
Let n = -38 - -8. Let z = -15 - n. Calculate the remainder when z is divided by 4.
3
Let n(x) = -4*x - 3. Let r be n(-3). Suppose -r*h + 4*h = -40. What is the remainder when 14 is divided by h?
6
Let o be (-1)/1 + 2086/7. Suppose -5*y + o = -0*y - 4*z, 3*z = 2*y - 123. What is the remainder when y is divided by 15?
12
What is the remainder when (-8)/((-3)/36*3) is divided by 11?
10
Calculate the remainder when 6 - (-1)/((-3)/9) is divided by 1.
0
Suppose -4*m = 16, -3*w - w + 2*m = -68. Calculate the remainder when 27 is divided by w.
12
Suppose -3*m - 2 + 5 = 0. Let c(n) = n**3 - n**2 + 1. Let l be c(0). What is the remainder when m is divided by l - -1 - 1/1?
0
Suppose 3*a + s = 5, 2*a + 0*a + 5*s + 1 = 0. Let i = 67 - 62. Calculate the remainder when i is divided by a.
1
Let p(q) = -q**3 + 2*q**2 + 5*q - 2. Let t(a) = 7*a**2 + a**2 - a**2 - 1 + a. What is the remainder when t(1) is divided by p(3)?
3
Let r = 25 - 17. Calculate the remainder when r is divided by 3.
2
Suppose -4*y + 11 + 3 = -f, -f = 2. What is the remainder when 10 is divided by y?
1
Let y = 115 + -68. What is the remainder when y is divided by 12?
11
Let l = 18 + 6. Suppose 3*g - 3 = 36. Calculate the remainder when l is divided by g.
11
Let a(f) = -2*f**3 + 2*f - 2. What is the remainder when a(-3) is divided by 12?
10
Suppose -52 = -0*p - 4*p. What is the remainder when 3 + 0 + 50 + -2 is divided by p?
12
Suppose -3*z = 4*i, 5*i + 4*z + 0*z = 0. Suppose 175 = 5*g - i. Suppose -5*b - 6 - 14 = 0, -56 = -3*p + 5*b. Calculate the remainder when g is divided by p.
11
Suppose -153 = -5*t + 2*t. Calculate the remainder when t is divided by 9.
6
Let s = -2 - -4. Let g(t) = 3*t + s*t + 5 - 4*t. What is the remainder when 34 is divided by g(4)?
7
Let f(p) = -p**2 - 9*p + 6. Calculate the remainder when 53 is divided by f(-8).
11
Suppose 28 = 2*f - 28. Suppose -k + 4*k = 4*o - f, 0 = -4*o + 4*k + 32. Let g = o + 41. Calculate the remainder when g is divided by 16.
13
Suppose -4*c + 19 = 5*b, 17 = 2*c - 2*b - 3*b. Let n(t) = -c*t + 21 - 21. What is the remainder when 21 is divided by n(-1)?
3
Suppose -4*p + 7 + 9 = 0. Suppose -p*c - d - 20 = -5*c, -c + 8 = 3*d. Suppose -w = -c - 20. Calculate the remainder when w is divided by 13.
11
Let f = -7 - -7. Suppose f = -2*s + 4 + 2. Suppose 6*g = s*g + 15. Calculate the remainder when g is divided by 4.
1
Let y = 12 - -70. What is the remainder when y is divided by 28?
26
Suppose 36 = 4*d - 4*a, -5*a = d + 4 + 5. What is the remainder when 34 is divided by d?
4
Suppose -14 - 24 = -2*v. What is the remainder when v is divided by 7?
5
Let m = 3 + -2. Suppose 5*j - 46 = -m. What is the remainder when j is divided by 5?
4
Let j be -2 + -2*(-22)/(-4). Let f = j + 34. Calculate the remainder when 83 is divided by f.
20
Suppose 30*j = 29*j + 23. What is the remainder when 66 is divided by j?
20
Let c = 0 + -3. Let t = c - 3. Calculate the remainder when 1 is divided by (4/t)/((-2)/3).
0
Let w(t) = -4*t**2 + 3 + 2*t**2 - t + 0*t + 3*t**2. Calculate the remainder when 7 is divided by w(0).
1
Suppose -26 = -w + 4. What is the remainder when w is divided by (-1)/(-4) + 93/12?
6
What is the remainder when 34 is divided by 3 - (-5 + 8/2)?
2
Let u(s) = -11*s + 4. Let c be u(-5). Suppose -5*n = 4 - c. Suppose -4*l = -45 - n. What is the remainder when l is divided by 8?
6
Let y = 54 + -36. Calculate the remainder when 68 is divided by y.
14
Suppose 5*u = 31 + 9. Calculate the remainder when 29 is divided by u.
5
Let o(h) = h + 5. Let b be o(-5). Suppose z + 0*z - 33 = b. What is the remainder when z is divided by 12?
9
Let x(r) = -3*r - 14. Let m be x(-10). Let z = -65 + 95. Calculate the remainder when 28 is divided by 8/m*(z + 0).
13
Let y(q) = q**2 - 4*q - 1. Let w be -6*((-14)/6 + 2). Suppose -2*m + w*c = 0, -2*m - m + 4*c - 5 = 0. What is the remainder when 7 is divided by y(m)?
3
Let w = 4 + 49. What is the remainder when w is divided by 14?
11
Let c(z) = 2*z**2 + 12*z - 19. Calculate the remainder when 68 is divided by c(-9).
33
Let q = 1 - -3. What is the remainder when 6 is divided by q?
2
Suppose 0 = g - 45. What is the remainder when g is divided by -24*(2/4 + -1)?
9
Let a(u) = 2*u**2 + 14*u + 6. What is the remainder when a(-8) is divided by 13?
9
Let j(c) = c**3 + 16*c**2 + 14*c - 12. Let y be j(-15). Let n(a) = 9*a - 1. Let r be n(3). Calculate the remainder when 33 is divided by r/3 + y/9.
6
Let d(o) = o + 5. Calculate the remainder when 22 is divided by d(8).
9
Let m = -5 - -3. What is the remainder when 66 is divided by (-44)/(-2) + m - 